[INFO] fetching crate mantle 0.2.1...
[INFO] checking mantle-0.2.1 against master#af3c6e733a40e671550e0f0f5aeecaa13772ba56 for pr-74989
[INFO] extracting crate mantle 0.2.1 into /workspace/builds/worker-6/source
[INFO] validating manifest of crates.io crate mantle 0.2.1 on toolchain af3c6e733a40e671550e0f0f5aeecaa13772ba56
[INFO] running `Command { std: "/workspace/cargo-home/bin/cargo" "+af3c6e733a40e671550e0f0f5aeecaa13772ba56" "read-manifest" "--manifest-path" "Cargo.toml", kill_on_drop: false }`
[INFO] started tweaking crates.io crate mantle 0.2.1
[INFO] finished tweaking crates.io crate mantle 0.2.1
[INFO] tweaked toml for crates.io crate mantle 0.2.1 written to /workspace/builds/worker-6/source/Cargo.toml
[INFO] running `Command { std: "/workspace/cargo-home/bin/cargo" "+af3c6e733a40e671550e0f0f5aeecaa13772ba56" "generate-lockfile" "--manifest-path" "Cargo.toml" "-Zno-index-update", kill_on_drop: false }`
[INFO] running `Command { std: "/workspace/cargo-home/bin/cargo" "+af3c6e733a40e671550e0f0f5aeecaa13772ba56" "fetch" "--locked" "--manifest-path" "Cargo.toml", kill_on_drop: false }`
[INFO] running `Command { std: "docker" "create" "-v" "/var/lib/crater-agent-workspace/builds/worker-6/target:/opt/rustwide/target:rw,Z" "-v" "/var/lib/crater-agent-workspace/builds/worker-6/source:/opt/rustwide/workdir:ro,Z" "-v" "/var/lib/crater-agent-workspace/cargo-home:/opt/rustwide/cargo-home:ro,Z" "-v" "/var/lib/crater-agent-workspace/rustup-home:/opt/rustwide/rustup-home:ro,Z" "-e" "SOURCE_DIR=/opt/rustwide/workdir" "-e" "CARGO_TARGET_DIR=/opt/rustwide/target" "-e" "CARGO_HOME=/opt/rustwide/cargo-home" "-e" "RUSTUP_HOME=/opt/rustwide/rustup-home" "-w" "/opt/rustwide/workdir" "-m" "1610612736" "--user" "0:0" "--network" "none" "rustops/crates-build-env@sha256:d92eaeed33fa75130ca1ee6c8a01d1ffb62bac859dfdfb3450e3e5d1c0146529" "/opt/rustwide/cargo-home/bin/cargo" "+af3c6e733a40e671550e0f0f5aeecaa13772ba56" "metadata" "--no-deps" "--format-version=1", kill_on_drop: false }`
[INFO] [stdout] c5b366f90845e4e2cd95ca4ab4d800a56a73207c5bd83478c2147efe21db8734
[INFO] [stderr] WARNING: Your kernel does not support swap limit capabilities or the cgroup is not mounted. Memory limited without swap.
[INFO] running `Command { std: "docker" "start" "-a" "c5b366f90845e4e2cd95ca4ab4d800a56a73207c5bd83478c2147efe21db8734", kill_on_drop: false }`
[INFO] running `Command { std: "docker" "inspect" "c5b366f90845e4e2cd95ca4ab4d800a56a73207c5bd83478c2147efe21db8734", kill_on_drop: false }`
[INFO] running `Command { std: "docker" "rm" "-f" "c5b366f90845e4e2cd95ca4ab4d800a56a73207c5bd83478c2147efe21db8734", kill_on_drop: false }`
[INFO] [stdout] c5b366f90845e4e2cd95ca4ab4d800a56a73207c5bd83478c2147efe21db8734
[INFO] running `Command { std: "docker" "create" "-v" "/var/lib/crater-agent-workspace/builds/worker-6/target:/opt/rustwide/target:rw,Z" "-v" "/var/lib/crater-agent-workspace/builds/worker-6/source:/opt/rustwide/workdir:ro,Z" "-v" "/var/lib/crater-agent-workspace/cargo-home:/opt/rustwide/cargo-home:ro,Z" "-v" "/var/lib/crater-agent-workspace/rustup-home:/opt/rustwide/rustup-home:ro,Z" "-e" "SOURCE_DIR=/opt/rustwide/workdir" "-e" "CARGO_TARGET_DIR=/opt/rustwide/target" "-e" "CARGO_INCREMENTAL=0" "-e" "RUST_BACKTRACE=full" "-e" "RUSTFLAGS=--cap-lints=forbid" "-e" "CARGO_HOME=/opt/rustwide/cargo-home" "-e" "RUSTUP_HOME=/opt/rustwide/rustup-home" "-w" "/opt/rustwide/workdir" "-m" "1610612736" "--user" "0:0" "--network" "none" "rustops/crates-build-env@sha256:d92eaeed33fa75130ca1ee6c8a01d1ffb62bac859dfdfb3450e3e5d1c0146529" "/opt/rustwide/cargo-home/bin/cargo" "+af3c6e733a40e671550e0f0f5aeecaa13772ba56" "check" "--frozen" "--all" "--all-targets" "--message-format=json", kill_on_drop: false }`
[INFO] [stdout] eb55d753c12a66c7e0a1f01c8fbf74ac3650e25c25c3c63f843d08e438a9a6c4
[INFO] [stderr] WARNING: Your kernel does not support swap limit capabilities or the cgroup is not mounted. Memory limited without swap.
[INFO] running `Command { std: "docker" "start" "-a" "eb55d753c12a66c7e0a1f01c8fbf74ac3650e25c25c3c63f843d08e438a9a6c4", kill_on_drop: false }`
[INFO] [stderr]    Compiling proc-macro2 v1.0.21
[INFO] [stderr]    Compiling unicode-xid v0.2.1
[INFO] [stderr]    Compiling syn v1.0.40
[INFO] [stderr]    Compiling proc-macro2 v0.4.30
[INFO] [stderr]    Compiling unicode-xid v0.1.0
[INFO] [stderr]    Compiling syn v0.15.44
[INFO] [stderr]    Compiling memchr v2.3.3
[INFO] [stderr]    Compiling lazy_static v1.4.0
[INFO] [stderr]    Compiling crunchy v0.2.2
[INFO] [stderr]    Compiling serde_derive v1.0.116
[INFO] [stderr]    Compiling regex-syntax v0.6.18
[INFO] [stderr]    Compiling libc v0.2.77
[INFO] [stderr]    Compiling serde v1.0.116
[INFO] [stderr]    Compiling byteorder v1.3.4
[INFO] [stderr]    Compiling proc-macro-hack v0.5.18
[INFO] [stderr]     Checking hex v0.4.2
[INFO] [stderr]     Checking cfg-if v0.1.10
[INFO] [stderr]     Checking rustc-demangle v0.1.16
[INFO] [stderr]     Checking half v1.6.0
[INFO] [stderr]    Compiling thread_local v1.0.1
[INFO] [stderr]    Compiling tiny-keccak v1.5.0
[INFO] [stderr]    Compiling aho-corasick v0.7.13
[INFO] [stderr]    Compiling quote v1.0.7
[INFO] [stderr]    Compiling quote v0.6.13
[INFO] [stderr]     Checking backtrace v0.3.50
[INFO] [stderr]    Compiling proc-quote-impl v0.2.2
[INFO] [stderr]    Compiling regex v1.3.9
[INFO] [stderr]    Compiling synstructure v0.12.4
[INFO] [stderr]    Compiling thiserror-impl v1.0.20
[INFO] [stderr]    Compiling failure_derive v0.1.8
[INFO] [stderr]    Compiling proc-quote v0.2.2
[INFO] [stderr]     Checking failure v0.1.8
[INFO] [stderr]     Checking thiserror v1.0.20
[INFO] [stderr]    Compiling derive_more v0.15.0
[INFO] [stderr]    Compiling mantle-macros v0.2.1
[INFO] [stderr]    Compiling default-env v0.1.1
[INFO] [stderr]     Checking oasis-types v0.3.2
[INFO] [stderr]     Checking blockchain-traits v0.2.3
[INFO] [stderr]     Checking serde_cbor v0.10.2
[INFO] [stderr]     Checking mantle-types v0.2.0
[INFO] [stdout] error[E0404]: expected trait, found struct `blockchain_traits::Address`
[INFO] [stdout]   --> /opt/rustwide/cargo-home/registry/src/github.com-1ecc6299db9ec823/mantle-types-0.2.0/src/lib.rs:35:6
[INFO] [stdout]    |
[INFO] [stdout] 35 | impl blockchain_traits::Address for Address {
[INFO] [stdout]    |      ^^^^^^^^^^^^^^^^^^^^^^^^^^ not a trait
[INFO] [stdout] 
[INFO] [stdout] 
[INFO] [stderr] error: could not compile `mantle-types`.
[INFO] [stdout] error[E0404]: expected trait, found struct `blockchain_traits::AccountMeta`
[INFO] [stdout]   --> /opt/rustwide/cargo-home/registry/src/github.com-1ecc6299db9ec823/mantle-types-0.2.0/src/lib.rs:72:6
[INFO] [stdout]    |
[INFO] [stdout] 72 | impl blockchain_traits::AccountMeta for AccountMeta {
[INFO] [stdout]    |      ^^^^^^^^^^^^^^^^^^^^^^^^^^^^^^ not a trait
[INFO] [stdout] 
[INFO] [stdout] 
[INFO] [stderr] 
[INFO] [stdout] error[E0404]: expected trait, found struct `blockchain_traits::Event`
[INFO] [stdout]   --> /opt/rustwide/cargo-home/registry/src/github.com-1ecc6299db9ec823/mantle-types-0.2.0/src/lib.rs:84:6
[INFO] [stdout]    |
[INFO] [stdout] 84 | impl blockchain_traits::Event for Event {
[INFO] [stdout]    |      ^^^^^^^^^^^^^^^^^^^^^^^^ not a trait
[INFO] [stdout] 
[INFO] [stdout] 
[INFO] [stderr] To learn more, run the command again with --verbose.
[INFO] [stdout] error[E0603]: struct `Address` is private
[INFO] [stdout]   --> /opt/rustwide/cargo-home/registry/src/github.com-1ecc6299db9ec823/mantle-types-0.2.0/src/lib.rs:35:25
[INFO] [stdout]    |
[INFO] [stdout] 35 | impl blockchain_traits::Address for Address {
[INFO] [stdout]    |                         ^^^^^^^ private struct
[INFO] [stdout]    |
[INFO] [stdout] note: the struct `Address` is defined here
[INFO] [stdout]   --> /opt/rustwide/cargo-home/registry/src/github.com-1ecc6299db9ec823/blockchain-traits-0.2.3/src/lib.rs:3:32
[INFO] [stdout]    |
[INFO] [stdout] 3  | use oasis_types::{AccountMeta, Address, Event};
[INFO] [stdout]    |                                ^^^^^^^
[INFO] [stdout] 
[INFO] [stdout] 
[INFO] [stderr] warning: build failed, waiting for other jobs to finish...
[INFO] [stdout] error[E0603]: struct `AccountMeta` is private
[INFO] [stdout]   --> /opt/rustwide/cargo-home/registry/src/github.com-1ecc6299db9ec823/mantle-types-0.2.0/src/lib.rs:72:25
[INFO] [stdout]    |
[INFO] [stdout] 72 | impl blockchain_traits::AccountMeta for AccountMeta {
[INFO] [stdout]    |                         ^^^^^^^^^^^ private struct
[INFO] [stdout]    |
[INFO] [stdout] note: the struct `AccountMeta` is defined here
[INFO] [stdout]   --> /opt/rustwide/cargo-home/registry/src/github.com-1ecc6299db9ec823/blockchain-traits-0.2.3/src/lib.rs:3:19
[INFO] [stdout]    |
[INFO] [stdout] 3  | use oasis_types::{AccountMeta, Address, Event};
[INFO] [stdout]    |                   ^^^^^^^^^^^
[INFO] [stdout] 
[INFO] [stdout] 
[INFO] [stdout] error[E0603]: struct `Event` is private
[INFO] [stdout]   --> /opt/rustwide/cargo-home/registry/src/github.com-1ecc6299db9ec823/mantle-types-0.2.0/src/lib.rs:84:25
[INFO] [stdout]    |
[INFO] [stdout] 84 | impl blockchain_traits::Event for Event {
[INFO] [stdout]    |                         ^^^^^ private struct
[INFO] [stdout]    |
[INFO] [stdout] note: the struct `Event` is defined here
[INFO] [stdout]   --> /opt/rustwide/cargo-home/registry/src/github.com-1ecc6299db9ec823/blockchain-traits-0.2.3/src/lib.rs:3:41
[INFO] [stdout]    |
[INFO] [stdout] 3  | use oasis_types::{AccountMeta, Address, Event};
[INFO] [stdout]    |                                         ^^^^^
[INFO] [stdout] 
[INFO] [stdout] 
[INFO] [stdout] error: aborting due to 6 previous errors
[INFO] [stdout] 
[INFO] [stdout] 
[INFO] [stdout] Some errors have detailed explanations: E0404, E0603.
[INFO] [stdout] 
[INFO] [stdout] For more information about an error, try `rustc --explain E0404`.
[INFO] [stdout] 
[INFO] [stderr] error: build failed
[INFO] running `Command { std: "docker" "inspect" "eb55d753c12a66c7e0a1f01c8fbf74ac3650e25c25c3c63f843d08e438a9a6c4", kill_on_drop: false }`
[INFO] running `Command { std: "docker" "rm" "-f" "eb55d753c12a66c7e0a1f01c8fbf74ac3650e25c25c3c63f843d08e438a9a6c4", kill_on_drop: false }`
[INFO] [stdout] eb55d753c12a66c7e0a1f01c8fbf74ac3650e25c25c3c63f843d08e438a9a6c4
